{"id":57,"date":"2018-02-18T16:39:30","date_gmt":"2018-02-18T15:39:30","guid":{"rendered":"http:\/\/krystynaaleksander.pl\/?page_id=57"},"modified":"2018-08-05T15:24:29","modified_gmt":"2018-08-05T13:24:29","slug":"galeria","status":"publish","type":"page","link":"http:\/\/krystynaaleksander.pl\/?page_id=57","title":{"rendered":"Galeria"},"content":{"rendered":"<p>&nbsp;<\/p>\n<figure id=\"attachment_626\" aria-describedby=\"caption-attachment-626\" style=\"width: 223px\" class=\"wp-caption alignnone\"><a href=\"http:\/\/krystynaaleksander.pl\/wp-content\/uploads\/2018\/03\/foto99-1.jpg\" data-rel=\"lightbox-image-0\" data-rl_title=\"\" data-rl_caption=\"\" title=\"\"><img loading=\"lazy\" decoding=\"async\" class=\"wp-image-626 size-medium\" src=\"http:\/\/krystynaaleksander.pl\/wp-content\/uploads\/2018\/03\/foto99-1-223x300.jpg\" alt=\"\" width=\"223\" height=\"300\" srcset=\"http:\/\/krystynaaleksander.pl\/wp-content\/uploads\/2018\/03\/foto99-1-223x300.jpg 223w, http:\/\/krystynaaleksander.pl\/wp-content\/uploads\/2018\/03\/foto99-1-768x1035.jpg 768w, http:\/\/krystynaaleksander.pl\/wp-content\/uploads\/2018\/03\/foto99-1-760x1024.jpg 760w, http:\/\/krystynaaleksander.pl\/wp-content\/uploads\/2018\/03\/foto99-1.jpg 1382w\" sizes=\"auto, (max-width: 223px) 100vw, 223px\" \/><\/a><figcaption id=\"caption-attachment-626\" class=\"wp-caption-text\">Zabytkowy Ko\u015bci\u00f3\u0142 p.w. Wszystkich \u015awi\u0119tych w Kro\u015bcienku n.D.<\/figcaption><\/figure>\n<p>&nbsp;<\/p>\n<figure style=\"width: 266px\" class=\"wp-caption alignnone\"><img loading=\"lazy\" decoding=\"async\" src=\"http:\/\/krystynaaleksander.pl\/wp-content\/uploads\/2018\/02\/kwiaty-Pani-Krysia_small-266x300.jpg\" alt=\"\" width=\"266\" height=\"300\" \/><figcaption class=\"wp-caption-text\">Nasturcje w dzbanku<\/figcaption><\/figure>\n<p>&nbsp;<\/p>\n<figure id=\"attachment_590\" aria-describedby=\"caption-attachment-590\" style=\"width: 224px\" class=\"wp-caption alignnone\"><a href=\"http:\/\/krystynaaleksander.pl\/wp-content\/uploads\/2018\/03\/zdj4-1.jpg\" data-rel=\"lightbox-image-1\" data-rl_title=\"\" data-rl_caption=\"\" title=\"\"><img loading=\"lazy\" decoding=\"async\" class=\"wp-image-590 size-medium\" src=\"http:\/\/krystynaaleksander.pl\/wp-content\/uploads\/2018\/03\/zdj4-1-224x300.jpg\" alt=\"\" width=\"224\" height=\"300\" srcset=\"http:\/\/krystynaaleksander.pl\/wp-content\/uploads\/2018\/03\/zdj4-1-224x300.jpg 224w, http:\/\/krystynaaleksander.pl\/wp-content\/uploads\/2018\/03\/zdj4-1-768x1027.jpg 768w, http:\/\/krystynaaleksander.pl\/wp-content\/uploads\/2018\/03\/zdj4-1-766x1024.jpg 766w, http:\/\/krystynaaleksander.pl\/wp-content\/uploads\/2018\/03\/zdj4-1.jpg 1061w\" sizes=\"auto, (max-width: 224px) 100vw, 224px\" \/><\/a><figcaption id=\"caption-attachment-590\" class=\"wp-caption-text\">Maki w wazonie<\/figcaption><\/figure>\n<p>&nbsp;<\/p>\n<figure id=\"attachment_591\" aria-describedby=\"caption-attachment-591\" style=\"width: 242px\" class=\"wp-caption alignnone\"><a href=\"http:\/\/krystynaaleksander.pl\/wp-content\/uploads\/2018\/03\/zdj5-1.jpg\" data-rel=\"lightbox-image-2\" data-rl_title=\"\" data-rl_caption=\"\" title=\"\"><img loading=\"lazy\" decoding=\"async\" class=\"wp-image-591 size-medium\" src=\"http:\/\/krystynaaleksander.pl\/wp-content\/uploads\/2018\/03\/zdj5-1-242x300.jpg\" alt=\"\" width=\"242\" height=\"300\" srcset=\"http:\/\/krystynaaleksander.pl\/wp-content\/uploads\/2018\/03\/zdj5-1-242x300.jpg 242w, http:\/\/krystynaaleksander.pl\/wp-content\/uploads\/2018\/03\/zdj5-1-768x951.jpg 768w, http:\/\/krystynaaleksander.pl\/wp-content\/uploads\/2018\/03\/zdj5-1-827x1024.jpg 827w, http:\/\/krystynaaleksander.pl\/wp-content\/uploads\/2018\/03\/zdj5-1.jpg 1022w\" sizes=\"auto, (max-width: 242px) 100vw, 242px\" \/><\/a><figcaption id=\"caption-attachment-591\" class=\"wp-caption-text\">Wi\u0105zanka<\/figcaption><\/figure>\n<p>&nbsp;<\/p>\n<figure style=\"width: 188px\" class=\"wp-caption alignnone\"><img loading=\"lazy\" decoding=\"async\" src=\"http:\/\/krystynaaleksander.pl\/wp-content\/uploads\/2018\/03\/kikik-188x300.jpg\" alt=\"\" width=\"188\" height=\"300\" \/><figcaption class=\"wp-caption-text\">\u015awi\u0119ta Kinga<\/figcaption><\/figure>\n<figure id=\"attachment_426\" aria-describedby=\"caption-attachment-426\" style=\"width: 235px\" class=\"wp-caption alignnone\"><a href=\"http:\/\/krystynaaleksander.pl\/wp-content\/uploads\/2018\/03\/Kinga7.jpg\" data-rel=\"lightbox-image-3\" data-rl_title=\"\" data-rl_caption=\"\" title=\"\"><img loading=\"lazy\" decoding=\"async\" class=\"wp-image-426 size-medium\" src=\"http:\/\/krystynaaleksander.pl\/wp-content\/uploads\/2018\/03\/Kinga7-235x300.jpg\" alt=\"\" width=\"235\" height=\"300\" srcset=\"http:\/\/krystynaaleksander.pl\/wp-content\/uploads\/2018\/03\/Kinga7-235x300.jpg 235w, http:\/\/krystynaaleksander.pl\/wp-content\/uploads\/2018\/03\/Kinga7-768x980.jpg 768w, http:\/\/krystynaaleksander.pl\/wp-content\/uploads\/2018\/03\/Kinga7-802x1024.jpg 802w, http:\/\/krystynaaleksander.pl\/wp-content\/uploads\/2018\/03\/Kinga7.jpg 1725w\" sizes=\"auto, (max-width: 235px) 100vw, 235px\" \/><\/a><figcaption id=\"caption-attachment-426\" class=\"wp-caption-text\">\u015awi\u0119ta Kinga<\/figcaption><\/figure>\n<figure id=\"attachment_424\" aria-describedby=\"caption-attachment-424\" style=\"width: 217px\" class=\"wp-caption alignnone\"><a href=\"http:\/\/krystynaaleksander.pl\/wp-content\/uploads\/2018\/03\/Kinga77.jpg\" data-rel=\"lightbox-image-4\" data-rl_title=\"\" data-rl_caption=\"\" title=\"\"><img loading=\"lazy\" decoding=\"async\" class=\"wp-image-424 size-medium\" src=\"http:\/\/krystynaaleksander.pl\/wp-content\/uploads\/2018\/03\/Kinga77-217x300.jpg\" alt=\"\" width=\"217\" height=\"300\" srcset=\"http:\/\/krystynaaleksander.pl\/wp-content\/uploads\/2018\/03\/Kinga77-217x300.jpg 217w, http:\/\/krystynaaleksander.pl\/wp-content\/uploads\/2018\/03\/Kinga77-768x1061.jpg 768w, http:\/\/krystynaaleksander.pl\/wp-content\/uploads\/2018\/03\/Kinga77-741x1024.jpg 741w, http:\/\/krystynaaleksander.pl\/wp-content\/uploads\/2018\/03\/Kinga77.jpg 1716w\" sizes=\"auto, (max-width: 217px) 100vw, 217px\" \/><\/a><figcaption id=\"caption-attachment-424\" class=\"wp-caption-text\">\u015awi\u0119ta Kinga<\/figcaption><\/figure>\n<figure id=\"attachment_422\" aria-describedby=\"caption-attachment-422\" style=\"width: 201px\" class=\"wp-caption alignnone\"><a href=\"http:\/\/krystynaaleksander.pl\/wp-content\/uploads\/2018\/03\/Kinga66.jpg\" data-rel=\"lightbox-image-5\" data-rl_title=\"\" data-rl_caption=\"\" title=\"\"><img loading=\"lazy\" decoding=\"async\" class=\"wp-image-422 size-medium\" src=\"http:\/\/krystynaaleksander.pl\/wp-content\/uploads\/2018\/03\/Kinga66-201x300.jpg\" alt=\"\" width=\"201\" height=\"300\" srcset=\"http:\/\/krystynaaleksander.pl\/wp-content\/uploads\/2018\/03\/Kinga66-201x300.jpg 201w, http:\/\/krystynaaleksander.pl\/wp-content\/uploads\/2018\/03\/Kinga66-768x1147.jpg 768w, http:\/\/krystynaaleksander.pl\/wp-content\/uploads\/2018\/03\/Kinga66-685x1024.jpg 685w, http:\/\/krystynaaleksander.pl\/wp-content\/uploads\/2018\/03\/Kinga66.jpg 1632w\" sizes=\"auto, (max-width: 201px) 100vw, 201px\" \/><\/a><figcaption id=\"caption-attachment-422\" class=\"wp-caption-text\">\u015awi\u0119ta Kinga<\/figcaption><\/figure>\n<figure id=\"attachment_417\" aria-describedby=\"caption-attachment-417\" style=\"width: 238px\" class=\"wp-caption alignnone\"><a href=\"http:\/\/krystynaaleksander.pl\/wp-content\/uploads\/2018\/03\/Kinga-4.jpg\" data-rel=\"lightbox-image-6\" data-rl_title=\"\" data-rl_caption=\"\" title=\"\"><img loading=\"lazy\" decoding=\"async\" class=\"wp-image-417 size-medium\" src=\"http:\/\/krystynaaleksander.pl\/wp-content\/uploads\/2018\/03\/Kinga-4-238x300.jpg\" alt=\"\" width=\"238\" height=\"300\" srcset=\"http:\/\/krystynaaleksander.pl\/wp-content\/uploads\/2018\/03\/Kinga-4-238x300.jpg 238w, http:\/\/krystynaaleksander.pl\/wp-content\/uploads\/2018\/03\/Kinga-4-768x970.jpg 768w, http:\/\/krystynaaleksander.pl\/wp-content\/uploads\/2018\/03\/Kinga-4-811x1024.jpg 811w, http:\/\/krystynaaleksander.pl\/wp-content\/uploads\/2018\/03\/Kinga-4.jpg 1750w\" sizes=\"auto, (max-width: 238px) 100vw, 238px\" \/><\/a><figcaption id=\"caption-attachment-417\" class=\"wp-caption-text\">\u015awi\u0119ta Kinga<\/figcaption><\/figure>\n<figure id=\"attachment_405\" aria-describedby=\"caption-attachment-405\" style=\"width: 209px\" class=\"wp-caption alignnone\"><a href=\"http:\/\/krystynaaleksander.pl\/wp-content\/uploads\/2018\/03\/5t5rtyyy.jpg\" data-rel=\"lightbox-image-7\" data-rl_title=\"\" data-rl_caption=\"\" title=\"\"><img loading=\"lazy\" decoding=\"async\" class=\"wp-image-405 size-medium\" src=\"http:\/\/krystynaaleksander.pl\/wp-content\/uploads\/2018\/03\/5t5rtyyy-209x300.jpg\" alt=\"\" width=\"209\" height=\"300\" srcset=\"http:\/\/krystynaaleksander.pl\/wp-content\/uploads\/2018\/03\/5t5rtyyy-209x300.jpg 209w, http:\/\/krystynaaleksander.pl\/wp-content\/uploads\/2018\/03\/5t5rtyyy-768x1102.jpg 768w, http:\/\/krystynaaleksander.pl\/wp-content\/uploads\/2018\/03\/5t5rtyyy-713x1024.jpg 713w, http:\/\/krystynaaleksander.pl\/wp-content\/uploads\/2018\/03\/5t5rtyyy.jpg 1716w\" sizes=\"auto, (max-width: 209px) 100vw, 209px\" \/><\/a><figcaption id=\"caption-attachment-405\" class=\"wp-caption-text\">\u015awi\u0119ta Kinga<\/figcaption><\/figure>\n<figure id=\"attachment_402\" aria-describedby=\"caption-attachment-402\" style=\"width: 231px\" class=\"wp-caption alignnone\"><a href=\"http:\/\/krystynaaleksander.pl\/wp-content\/uploads\/2018\/03\/tgryhujik.jpg\" data-rel=\"lightbox-image-8\" data-rl_title=\"\" data-rl_caption=\"\" title=\"\"><img loading=\"lazy\" decoding=\"async\" class=\"wp-image-402 size-medium\" src=\"http:\/\/krystynaaleksander.pl\/wp-content\/uploads\/2018\/03\/tgryhujik-231x300.jpg\" alt=\"\" width=\"231\" height=\"300\" srcset=\"http:\/\/krystynaaleksander.pl\/wp-content\/uploads\/2018\/03\/tgryhujik-231x300.jpg 231w, http:\/\/krystynaaleksander.pl\/wp-content\/uploads\/2018\/03\/tgryhujik-768x995.jpg 768w, http:\/\/krystynaaleksander.pl\/wp-content\/uploads\/2018\/03\/tgryhujik-790x1024.jpg 790w, http:\/\/krystynaaleksander.pl\/wp-content\/uploads\/2018\/03\/tgryhujik.jpg 1699w\" sizes=\"auto, (max-width: 231px) 100vw, 231px\" \/><\/a><figcaption id=\"caption-attachment-402\" class=\"wp-caption-text\">\u015awi\u0119ta Kinga<\/figcaption><\/figure>\n<figure id=\"attachment_394\" aria-describedby=\"caption-attachment-394\" style=\"width: 255px\" class=\"wp-caption alignnone\"><a href=\"http:\/\/krystynaaleksander.pl\/wp-content\/uploads\/2018\/03\/Kinga2.jpg\" data-rel=\"lightbox-image-9\" data-rl_title=\"\" data-rl_caption=\"\" title=\"\"><img loading=\"lazy\" decoding=\"async\" class=\"wp-image-394 size-medium\" src=\"http:\/\/krystynaaleksander.pl\/wp-content\/uploads\/2018\/03\/Kinga2-255x300.jpg\" alt=\"\" width=\"255\" height=\"300\" srcset=\"http:\/\/krystynaaleksander.pl\/wp-content\/uploads\/2018\/03\/Kinga2-255x300.jpg 255w, http:\/\/krystynaaleksander.pl\/wp-content\/uploads\/2018\/03\/Kinga2-768x904.jpg 768w, http:\/\/krystynaaleksander.pl\/wp-content\/uploads\/2018\/03\/Kinga2-870x1024.jpg 870w, http:\/\/krystynaaleksander.pl\/wp-content\/uploads\/2018\/03\/Kinga2.jpg 1691w\" sizes=\"auto, (max-width: 255px) 100vw, 255px\" \/><\/a><figcaption id=\"caption-attachment-394\" class=\"wp-caption-text\">\u015awi\u0119ta Kinga<\/figcaption><\/figure>\n<figure id=\"attachment_389\" aria-describedby=\"caption-attachment-389\" style=\"width: 205px\" class=\"wp-caption alignnone\"><a href=\"http:\/\/krystynaaleksander.pl\/wp-content\/uploads\/2018\/03\/Kinga1.jpg\" data-rel=\"lightbox-image-10\" data-rl_title=\"\" data-rl_caption=\"\" title=\"\"><img loading=\"lazy\" decoding=\"async\" class=\"wp-image-389 size-medium\" src=\"http:\/\/krystynaaleksander.pl\/wp-content\/uploads\/2018\/03\/Kinga1-205x300.jpg\" alt=\"\" width=\"205\" height=\"300\" srcset=\"http:\/\/krystynaaleksander.pl\/wp-content\/uploads\/2018\/03\/Kinga1-205x300.jpg 205w, http:\/\/krystynaaleksander.pl\/wp-content\/uploads\/2018\/03\/Kinga1-768x1124.jpg 768w, http:\/\/krystynaaleksander.pl\/wp-content\/uploads\/2018\/03\/Kinga1-700x1024.jpg 700w, http:\/\/krystynaaleksander.pl\/wp-content\/uploads\/2018\/03\/Kinga1.jpg 1666w\" sizes=\"auto, (max-width: 205px) 100vw, 205px\" \/><\/a><figcaption id=\"caption-attachment-389\" class=\"wp-caption-text\">\u015awi\u0119ta Kinga<\/figcaption><\/figure>\n<figure style=\"width: 212px\" class=\"wp-caption alignnone\"><img loading=\"lazy\" decoding=\"async\" src=\"http:\/\/krystynaaleksander.pl\/wp-content\/uploads\/2018\/03\/6y7u8i99-212x300.jpg\" alt=\"\" width=\"212\" height=\"300\" \/><figcaption class=\"wp-caption-text\">\u015awi\u0119ta Kinga<\/figcaption><\/figure>\n","protected":false},"excerpt":{"rendered":"<p>&nbsp; &nbsp; &nbsp; &nbsp; &nbsp;<\/p>\n","protected":false},"author":1,"featured_media":586,"parent":0,"menu_order":0,"comment_status":"closed","ping_status":"closed","template":"","meta":{"footnotes":""},"class_list":["post-57","page","type-page","status-publish","has-post-thumbnail","hentry"],"_links":{"self":[{"href":"http:\/\/krystynaaleksander.pl\/index.php?rest_route=\/wp\/v2\/pages\/57","targetHints":{"allow":["GET"]}}],"collection":[{"href":"http:\/\/krystynaaleksander.pl\/index.php?rest_route=\/wp\/v2\/pages"}],"about":[{"href":"http:\/\/krystynaaleksander.pl\/index.php?rest_route=\/wp\/v2\/types\/page"}],"author":[{"embeddable":true,"href":"http:\/\/krystynaaleksander.pl\/index.php?rest_route=\/wp\/v2\/users\/1"}],"replies":[{"embeddable":true,"href":"http:\/\/krystynaaleksander.pl\/index.php?rest_route=%2Fwp%2Fv2%2Fcomments&post=57"}],"version-history":[{"count":32,"href":"http:\/\/krystynaaleksander.pl\/index.php?rest_route=\/wp\/v2\/pages\/57\/revisions"}],"predecessor-version":[{"id":1306,"href":"http:\/\/krystynaaleksander.pl\/index.php?rest_route=\/wp\/v2\/pages\/57\/revisions\/1306"}],"wp:featuredmedia":[{"embeddable":true,"href":"http:\/\/krystynaaleksander.pl\/index.php?rest_route=\/wp\/v2\/media\/586"}],"wp:attachment":[{"href":"http:\/\/krystynaaleksander.pl\/index.php?rest_route=%2Fwp%2Fv2%2Fmedia&parent=57"}],"curies":[{"name":"wp","href":"https:\/\/api.w.org\/{rel}","templated":true}]}}