{"id":374,"date":"2018-03-05T10:13:13","date_gmt":"2018-03-05T09:13:13","guid":{"rendered":"http:\/\/krystynaaleksander.pl\/?page_id=374"},"modified":"2018-12-15T18:59:35","modified_gmt":"2018-12-15T17:59:35","slug":"kontakt","status":"publish","type":"page","link":"http:\/\/krystynaaleksander.pl\/?page_id=374","title":{"rendered":"Kontakt"},"content":{"rendered":"<p><img loading=\"lazy\" decoding=\"async\" class=\"alignnone size-medium wp-image-640\" src=\"http:\/\/krystynaaleksander.pl\/wp-content\/uploads\/2018\/03\/zdj-1-2-222x300.jpg\" alt=\"\" width=\"222\" height=\"300\" srcset=\"http:\/\/krystynaaleksander.pl\/wp-content\/uploads\/2018\/03\/zdj-1-2-222x300.jpg 222w, http:\/\/krystynaaleksander.pl\/wp-content\/uploads\/2018\/03\/zdj-1-2-768x1037.jpg 768w, http:\/\/krystynaaleksander.pl\/wp-content\/uploads\/2018\/03\/zdj-1-2-759x1024.jpg 759w, http:\/\/krystynaaleksander.pl\/wp-content\/uploads\/2018\/03\/zdj-1-2.jpg 1370w\" sizes=\"auto, (max-width: 222px) 100vw, 222px\" \/><\/p>\n<p>Prosz\u0119 o kontakt mailowy<\/p>\n<p>w przypadku korzystania z tw\u00f3rczo\u015bci autorki.<\/p>\n<p>Korespondencj\u0119 prosz\u0119 kierowa\u0107 na adres:<\/p>\n<p>e-mail:<br \/>\nk_aleksander@o2.pl<\/p>\n<p>&nbsp;<\/p>\n<p>&nbsp;<\/p>\n<p>&nbsp;<\/p>\n","protected":false},"excerpt":{"rendered":"<p>Prosz\u0119 o kontakt mailowy w przypadku korzystania z tw\u00f3rczo\u015bci autorki. Korespondencj\u0119 prosz\u0119 kierowa\u0107 na adres: e-mail: k_aleksander@o2.pl &nbsp; &nbsp; &nbsp;<\/p>\n","protected":false},"author":1,"featured_media":0,"parent":0,"menu_order":0,"comment_status":"closed","ping_status":"closed","template":"","meta":{"footnotes":""},"class_list":["post-374","page","type-page","status-publish","hentry"],"_links":{"self":[{"href":"http:\/\/krystynaaleksander.pl\/index.php?rest_route=\/wp\/v2\/pages\/374","targetHints":{"allow":["GET"]}}],"collection":[{"href":"http:\/\/krystynaaleksander.pl\/index.php?rest_route=\/wp\/v2\/pages"}],"about":[{"href":"http:\/\/krystynaaleksander.pl\/index.php?rest_route=\/wp\/v2\/types\/page"}],"author":[{"embeddable":true,"href":"http:\/\/krystynaaleksander.pl\/index.php?rest_route=\/wp\/v2\/users\/1"}],"replies":[{"embeddable":true,"href":"http:\/\/krystynaaleksander.pl\/index.php?rest_route=%2Fwp%2Fv2%2Fcomments&post=374"}],"version-history":[{"count":9,"href":"http:\/\/krystynaaleksander.pl\/index.php?rest_route=\/wp\/v2\/pages\/374\/revisions"}],"predecessor-version":[{"id":1385,"href":"http:\/\/krystynaaleksander.pl\/index.php?rest_route=\/wp\/v2\/pages\/374\/revisions\/1385"}],"wp:attachment":[{"href":"http:\/\/krystynaaleksander.pl\/index.php?rest_route=%2Fwp%2Fv2%2Fmedia&parent=374"}],"curies":[{"name":"wp","href":"https:\/\/api.w.org\/{rel}","templated":true}]}}